{"id":414,"date":"2026-03-01T11:08:41","date_gmt":"2026-03-01T09:08:41","guid":{"rendered":"https:\/\/birstonogimnazija.lt\/?page_id=414"},"modified":"2026-03-01T11:08:41","modified_gmt":"2026-03-01T09:08:41","slug":"korupcijos-prevencija","status":"publish","type":"page","link":"https:\/\/birstonogimnazija.lt\/?page_id=414","title":{"rendered":"Korupcijos prevencija"},"content":{"rendered":"<div class=\"aligncenter wp-block-site-logo\"><a href=\"https:\/\/birstonogimnazija.lt\/\" class=\"custom-logo-link\" rel=\"home\"><img loading=\"lazy\" decoding=\"async\" width=\"234\" height=\"156\" src=\"https:\/\/birstonogimnazija.lt\/wp-content\/uploads\/2026\/02\/logo-1700_trans-1.png\" class=\"custom-logo\" alt=\"Bir\u0161tono gimnazija\" srcset=\"https:\/\/birstonogimnazija.lt\/wp-content\/uploads\/2026\/02\/logo-1700_trans-1.png 612w, https:\/\/birstonogimnazija.lt\/wp-content\/uploads\/2026\/02\/logo-1700_trans-1-300x200.png 300w\" sizes=\"auto, (max-width: 234px) 100vw, 234px\" \/><\/a><\/div>\n\n\n<h4 class=\"wp-block-heading has-text-align-center\"><strong>Korupcijos prevencija<\/strong><\/h4>\n\n\n<style>\n    .korupcija-wrapper {\n        --primary-green: #09774A;\n        --bg-light: #f8fafc;\n        --border-color: #e2e8f0;\n        --text-main: #334155;\n        --text-muted: #64748b;\n        font-family: 'Inter', -apple-system, sans-serif;\n        max-width: 800px;\n        margin: 0 auto;\n        color: var(--text-main);\n    }\n\n    .kp-header {\n        text-align: center;\n        margin-bottom: 30px;\n        padding-bottom: 20px;\n        border-bottom: 2px solid var(--primary-green);\n    }\n\n    .kp-meta {\n        font-size: 0.8rem;\n        color: var(--text-muted);\n        text-transform: uppercase;\n        letter-spacing: 0.5px;\n        margin-bottom: 10px;\n    }\n\n    .kp-title {\n        color: #0f172a;\n        font-size: 1.4rem;\n        font-weight: 700;\n        margin: 0;\n        line-height: 1.3;\n    }\n\n    \/* Akordeono stilius *\/\n    .kp-details {\n        background: #ffffff;\n        border: 1px solid var(--border-color);\n        border-radius: 8px;\n        margin-bottom: 12px;\n        box-shadow: 0 2px 5px rgba(0,0,0,0.02);\n        overflow: hidden;\n    }\n\n    .kp-summary {\n        background: var(--bg-light);\n        padding: 16px 20px;\n        font-weight: 600;\n        font-size: 0.95rem;\n        color: var(--primary-green);\n        cursor: pointer;\n        list-style: none;\n        display: flex;\n        justify-content: space-between;\n        align-items: center;\n        transition: background-color 0.2s ease;\n    }\n\n    .kp-summary:hover {\n        background: #e6f3ee;\n    }\n\n    .kp-summary::-webkit-details-marker {\n        display: none;\n    }\n\n    .kp-summary::after {\n        content: '+';\n        font-size: 1.4rem;\n        font-weight: 400;\n        line-height: 1;\n        color: var(--primary-green);\n        transition: transform 0.2s ease;\n    }\n\n    .kp-details[open] .kp-summary::after {\n        content: '\u2212';\n    }\n\n    .kp-details[open] .kp-summary {\n        border-bottom: 1px solid var(--border-color);\n        background: #ffffff;\n    }\n\n    .kp-content {\n        padding: 20px;\n        font-size: 0.9rem;\n        line-height: 1.6;\n    }\n\n    .kp-content ul {\n        margin: 0;\n        padding-left: 20px;\n    }\n\n    .kp-content li {\n        margin-bottom: 8px;\n    }\n\n    \/* Lentel\u0117s stilius *\/\n    .kp-table-wrapper {\n        overflow-x: auto;\n        margin-top: 15px;\n        border-radius: 8px;\n        border: 1px solid var(--border-color);\n    }\n\n    .kp-table {\n        width: 100%;\n        border-collapse: collapse;\n        text-align: left;\n        font-size: 0.85rem;\n    }\n\n    .kp-table th {\n        background-color: var(--primary-green);\n        color: #ffffff;\n        padding: 12px 15px;\n        font-weight: 600;\n        font-size: 0.75rem;\n        text-transform: uppercase;\n        letter-spacing: 0.5px;\n    }\n\n    .kp-table td {\n        padding: 12px 15px;\n        border-bottom: 1px solid var(--border-color);\n        vertical-align: top;\n    }\n\n    .kp-table tr:last-child td {\n        border-bottom: none;\n    }\n\n    .kp-table tbody tr:hover {\n        background-color: #f8fafc;\n    }\n\n    .highlight-text {\n        font-weight: 600;\n        color: #0f172a;\n    }\n<\/style>\n\n<div class=\"korupcija-wrapper\">\n    <div class=\"kp-header\">\n        <div class=\"kp-meta\">Patvirtinta Bir\u0161tono gimnazijos direktoriaus 2017 m. lapkri\u010dio 10 d. \u012fsakymu Nr. V-132<\/div>\n        <h2 class=\"kp-title\">Korupcijos prevencijos programa ir priemoni\u0173 planas<\/h2>\n    <\/div>\n\n    <details class=\"kp-details\">\n        <summary class=\"kp-summary\">I. Bendrosios nuostatos ir s\u0105vokos<\/summary>\n        <div class=\"kp-content\">\n            <p>Programa skirta u\u017etikrinti korupcijos prevencij\u0105, siekiant suma\u017einti korupcijos pasirei\u0161kimo galimybes, \u0161alinti prielaidas korupcijai atsirasti ir plisti Bir\u0161tono gimnazijoje.<\/p>\n            <ul>\n                <li><span class=\"highlight-text\">Korupcija<\/span> \u2013 bet koks asmen\u0173, dirban\u010di\u0173 mokykloje elgesys, neatitinkantis jiems suteikt\u0173 \u012fgaliojim\u0173 ar teis\u0117s aktuose numatyt\u0173 elgesio standart\u0173, ar tokio elgesio skatinimas, siekiant naudos sau ar kitiems asmenims ir taip pakenkiant pilie\u010di\u0173 ir valstyb\u0117s interesams.<\/li>\n                <li><span class=\"highlight-text\">Korupcijos prevencija<\/span> \u2013 korupcijos prie\u017eas\u010di\u0173, s\u0105lyg\u0173 atskleidimas ir \u0161alinimas sudarant ir \u012fgyvendinant tam tikr\u0173 priemoni\u0173 sistem\u0105, taip pat poveikis asmenims siekiant atgrasinti nuo korupcinio pob\u016bd\u017eio nusikalstam\u0173 veik\u0173 darymo.<\/li>\n            <\/ul>\n        <\/div>\n    <\/details>\n\n    <details class=\"kp-details\">\n        <summary class=\"kp-summary\">II. Programos tikslai ir u\u017edaviniai<\/summary>\n        <div class=\"kp-content\">\n            <p><span class=\"highlight-text\">Tikslai:<\/span><\/p>\n            <ul>\n                <li>Formuoti pilietin\u0119 antikorupcin\u0119 pozicij\u0105 ir didinti teisin\u012f s\u0105moningum\u0105.<\/li>\n                <li>Atskleisti prie\u017eastis ir s\u0105lygas korupcijai pasireik\u0161ti mokykloje ir jas \u0161alinti.<\/li>\n                <li>U\u017etikrinti skaidri\u0105 ir veiksming\u0105 veikl\u0105 mokykloje.<\/li>\n            <\/ul>\n            <p><span class=\"highlight-text\">Pagrindiniai u\u017edaviniai:<\/span><\/p>\n            <ul>\n                <li>Ma\u017einti korupcijos pasirei\u0161kimo galimybi\u0173 atsiradim\u0105.<\/li>\n                <li>Siekti, kad vis\u0173 sprendim\u0173 pri\u0117mimo procesai b\u016bt\u0173 skaidr\u016bs, atviri ir prieinami bendruomenei.<\/li>\n                <li>Skatinti nepakantum\u0105 korupcijos rei\u0161kiniams ir didinti antikorupcinio \u0161vietimo sklaid\u0105.<\/li>\n                <li>Ugdyti mokini\u0173 atsakomyb\u0119, s\u0105\u017einingum\u0105 ir pagarb\u0105 demokratijos vertyb\u0117ms.<\/li>\n            <\/ul>\n        <\/div>\n    <\/details>\n\n    <details class=\"kp-details\">\n        <summary class=\"kp-summary\">III. Korupcijos prevencijos principai<\/summary>\n        <div class=\"kp-content\">\n            <ul>\n                <li><span class=\"highlight-text\">Teis\u0117tumo:<\/span> priemon\u0117s \u012fgyvendinamos laikantis LR Konstitucijos ir \u012fstatym\u0173.<\/li>\n                <li><span class=\"highlight-text\">Visuotinio privalomumo:<\/span> korupcijos prevencijos subjektais gali b\u016bti visi asmenys.<\/li>\n                <li><span class=\"highlight-text\">S\u0105veikos:<\/span> priemoni\u0173 veiksmingumas u\u017etikrinamas derinant veiksmus, kei\u010diantis informacija ir teikiant pagalb\u0105.<\/li>\n            <\/ul>\n        <\/div>\n    <\/details>\n\n    <details class=\"kp-details\">\n        <summary class=\"kp-summary\">IV\u2013V. Laukiami rezultatai ir administravimas<\/summary>\n        <div class=\"kp-content\">\n            <p><strong>Rezultatai:<\/strong> padid\u0117j\u0119s nepakantumas korupcijai, geresnis prevencijos organizavimas ir i\u0161aug\u0119s visuomen\u0117s pasitik\u0117jimas mokykla.<\/p>\n            <p><strong>Vertinimas atliekamas pagal:<\/strong> \u012fgyvendint\u0173 priemoni\u0173 skai\u010di\u0173, atliktus vertinimus, organizuotus mokymus bei oficiali\u0173 prane\u0161im\u0173 apie pa\u017eeidimus statistik\u0105.<\/p>\n            <p><strong>Administravimas:<\/strong> u\u017e priemoni\u0173 \u012fgyvendinim\u0105 atsako plane nurodyti vykdytojai. Kontrol\u0119 vykdo direktoriaus paskirtas asmuo, o pa\u010di\u0105 program\u0105 tvirtina gimnazijos direktorius.<\/p>\n        <\/div>\n    <\/details>\n\n    <details class=\"kp-details\" open>\n        <summary class=\"kp-summary\">Programos \u012fgyvendinimo priemoni\u0173 planas<\/summary>\n        <div class=\"kp-content\" style=\"padding: 10px;\">\n            <div class=\"kp-table-wrapper\">\n                <table class=\"kp-table\">\n                    <thead>\n                        <tr>\n                            <th>Eil. Nr.<\/th>\n                            <th style=\"width: 35%;\">Priemon\u0117s pavadinimas<\/th>\n                            <th>Vykdytojai<\/th>\n                            <th>Laikas<\/th>\n                            <th>Laukiami rezultatai<\/th>\n                        <\/tr>\n                    <\/thead>\n                    <tbody>\n                        <tr>\n                            <td>1.<\/td>\n                            <td>Organizuoti susitikimus su STT darbuotojais<\/td>\n                            <td>Dir. pavaduotoja ugdymui A. Ferevi\u010dien\u0117<\/td>\n                            <td>Kiekvienais metais<\/td>\n                            <td>Daugiau \u017eini\u0173 apie korupcijos \u017eal\u0105 valstybei<\/td>\n                        <\/tr>\n                        <tr>\n                            <td>2.<\/td>\n                            <td>Dalyvavimas mokymuose ir seminaruose antikorupcinio ugdymo klausimais<\/td>\n                            <td>Direktorius<\/td>\n                            <td>Pagal poreik\u012f<\/td>\n                            <td>Pager\u0117s \u017eini\u0173 kokyb\u0117 apie prevencij\u0105<\/td>\n                        <\/tr>\n                        <tr>\n                            <td>3.<\/td>\n                            <td>Tarptautin\u0117s antikorupcijos dienos renginiai<\/td>\n                            <td>Dir. pavaduotoja ugdymui A. Ferevi\u010dien\u0117<\/td>\n                            <td>Gruod\u017eio m\u0117n.<\/td>\n                            <td>Susiformuos antikorupcin\u0117s nuostatos<\/td>\n                        <\/tr>\n                        <tr>\n                            <td>4.<\/td>\n                            <td>Antikorupcinio \u0161vietimo integravimas \u012f mokomuosius dalykus<\/td>\n                            <td>Mokytojai, klasi\u0173 aukl\u0117tojai<\/td>\n                            <td>Pagal planus<\/td>\n                            <td>Ugdomos antikorupcin\u0117s nuostatos<\/td>\n                        <\/tr>\n                        <tr>\n                            <td>5.<\/td>\n                            <td>Priva\u010di\u0173 interes\u0173 deklaracij\u0173 kontrol\u0117<\/td>\n                            <td>Direktorius<\/td>\n                            <td>Kasmet II ketv.<\/td>\n                            <td>Kontroliuojami privat\u016bs interesai<\/td>\n                        <\/tr>\n                        <tr>\n                            <td>6.<\/td>\n                            <td>Pareigybi\u0173 apra\u0161ym\u0173 per\u017ei\u016bra (antikorupcin\u0117s nuostatos)<\/td>\n                            <td>Direktorius<\/td>\n                            <td>Kasmet III ketv.<\/td>\n                            <td>Apibr\u0117\u017etos teisin\u0117s atsakomyb\u0117s priemon\u0117s<\/td>\n                        <\/tr>\n                        <tr>\n                            <td>7.<\/td>\n                            <td>Bendruomen\u0117s informavimas apie mokyklos veikl\u0105<\/td>\n                            <td>Direktorius<\/td>\n                            <td>Kiekvienais metais<\/td>\n                            <td>Informuojami bendruomen\u0117s nariai<\/td>\n                        <\/tr>\n                        <tr>\n                            <td>8.<\/td>\n                            <td>Esant b\u016btinybei papildyti program\u0105<\/td>\n                            <td>Direktorius<\/td>\n                            <td>Kiekvienais metais<\/td>\n                            <td>Veiksminga prevencijos programa<\/td>\n                        <\/tr>\n                        <tr>\n                            <td>9.<\/td>\n                            <td>Informacijos apie vie\u0161uosius pirkimus skelbimas svetain\u0117je<\/td>\n                            <td>Dir. pavaduotojas \u016bkio reikalams<\/td>\n                            <td>Nuolat<\/td>\n                            <td>U\u017etikrintas vie\u0161\u0173j\u0173 pirkim\u0173 skaidrumas<\/td>\n                        <\/tr>\n                    <\/tbody>\n                <\/table>\n            <\/div>\n        <\/div>\n    <\/details>\n<\/div>","protected":false},"excerpt":{"rendered":"<p>Korupcijos prevencija Patvirtinta Bir\u0161tono gimnazijos direktoriaus 2017 m. lapkri\u010dio 10 d. \u012fsakymu Nr. V-132 Korupcijos prevencijos programa ir priemoni\u0173 planas I. Bendrosios nuostatos ir s\u0105vokos Programa skirta u\u017etikrinti korupcijos prevencij\u0105, siekiant suma\u017einti korupcijos pasirei\u0161kimo galimybes, \u0161alinti prielaidas korupcijai atsirasti ir plisti Bir\u0161tono gimnazijoje. Korupcija \u2013 bet koks asmen\u0173, dirban\u010di\u0173 mokykloje elgesys, neatitinkantis jiems suteikt\u0173 \u012fgaliojim\u0173 [&hellip;]<\/p>\n","protected":false},"author":1,"featured_media":0,"parent":0,"menu_order":0,"comment_status":"closed","ping_status":"closed","template":"","meta":{"footnotes":""},"class_list":["post-414","page","type-page","status-publish","hentry"],"_links":{"self":[{"href":"https:\/\/birstonogimnazija.lt\/index.php?rest_route=\/wp\/v2\/pages\/414","targetHints":{"allow":["GET"]}}],"collection":[{"href":"https:\/\/birstonogimnazija.lt\/index.php?rest_route=\/wp\/v2\/pages"}],"about":[{"href":"https:\/\/birstonogimnazija.lt\/index.php?rest_route=\/wp\/v2\/types\/page"}],"author":[{"embeddable":true,"href":"https:\/\/birstonogimnazija.lt\/index.php?rest_route=\/wp\/v2\/users\/1"}],"replies":[{"embeddable":true,"href":"https:\/\/birstonogimnazija.lt\/index.php?rest_route=%2Fwp%2Fv2%2Fcomments&post=414"}],"version-history":[{"count":1,"href":"https:\/\/birstonogimnazija.lt\/index.php?rest_route=\/wp\/v2\/pages\/414\/revisions"}],"predecessor-version":[{"id":415,"href":"https:\/\/birstonogimnazija.lt\/index.php?rest_route=\/wp\/v2\/pages\/414\/revisions\/415"}],"wp:attachment":[{"href":"https:\/\/birstonogimnazija.lt\/index.php?rest_route=%2Fwp%2Fv2%2Fmedia&parent=414"}],"curies":[{"name":"wp","href":"https:\/\/api.w.org\/{rel}","templated":true}]}}