{"id":158,"date":"2026-02-27T15:54:08","date_gmt":"2026-02-27T13:54:08","guid":{"rendered":"https:\/\/birstonogimnazija.lt\/?page_id=158"},"modified":"2026-02-27T16:00:18","modified_gmt":"2026-02-27T14:00:18","slug":"sveikatos-prieziuros-specialistas","status":"publish","type":"page","link":"https:\/\/birstonogimnazija.lt\/?page_id=158","title":{"rendered":"Sveikatos prie\u017ei\u016bros specialistas"},"content":{"rendered":"\n<div class=\"wp-block-columns is-layout-flex wp-container-core-columns-is-layout-9d6595d7 wp-block-columns-is-layout-flex\">\n<div class=\"wp-block-column is-layout-flow wp-block-column-is-layout-flow\"><div class=\"aligncenter wp-block-site-logo\"><a href=\"https:\/\/birstonogimnazija.lt\/\" class=\"custom-logo-link\" rel=\"home\"><img loading=\"lazy\" decoding=\"async\" width=\"234\" height=\"156\" src=\"https:\/\/birstonogimnazija.lt\/wp-content\/uploads\/2026\/02\/logo-1700_trans-1.png\" class=\"custom-logo\" alt=\"Bir\u0161tono gimnazija\" srcset=\"https:\/\/birstonogimnazija.lt\/wp-content\/uploads\/2026\/02\/logo-1700_trans-1.png 612w, https:\/\/birstonogimnazija.lt\/wp-content\/uploads\/2026\/02\/logo-1700_trans-1-300x200.png 300w\" sizes=\"auto, (max-width: 234px) 100vw, 234px\" \/><\/a><\/div>\n\n\n<h4 class=\"wp-block-heading has-text-align-center\"><strong>Ingrida Mieliauskait\u0117 &#8211; <strong>visuomen\u0117s sveikatos prie\u017ei\u016bros specialist\u0117<\/strong><\/strong><\/h4>\n<\/div>\n<\/div>\n\n\n\n<div class=\"wp-block-columns is-layout-flex wp-container-core-columns-is-layout-9d6595d7 wp-block-columns-is-layout-flex\">\n<div class=\"wp-block-column is-layout-flow wp-block-column-is-layout-flow\">\n<p style=\"padding-left: 80px;\"><strong>Darbo grafikas:<\/strong><\/p>\n<p><style>\n    \/* \u0160ie stiliai galios tik \u0161iai lentelei *\/<br \/>\n    .schedule-container {<br \/>\n        width: 100%;<br \/>\n        max-width: 600px;<br \/>\n        border-collapse: collapse;<br \/>\n        \/* Naudojamas redaktoriaus Segoe UI \u0161riftas *\/<br \/>\n        font-family: -apple-system, BlinkMacSystemFont, \"Segoe UI\", Roboto, sans-serif;<br \/>\n        color: #1e1e1e;<br \/>\n        margin-top: 10px;<br \/>\n    }<br \/>\n    .schedule-container td {<br \/>\n        border: none !important; \/* Joki\u0173 r\u0117meli\u0173 *\/<br \/>\n        padding: 4px 20px 4px 0 !important; \/* Tarpai tarp eilu\u010di\u0173 ir stulpeli\u0173 *\/<br \/>\n        vertical-align: top;<br \/>\n        font-size: 16px;<br \/>\n    }<br \/>\n    .schedule-container .day-name {<br \/>\n        font-weight: 600;<br \/>\n        width: 140px; \/* U\u017etikrina, kad laikai visada b\u016bt\u0173 vienoje linijoje *\/<br \/>\n    }<br \/>\n    .schedule-container .note-cell {<br \/>\n        padding-top: 2px !important;<br \/>\n        padding-bottom: 12px !important;<br \/>\n        font-size: 14px;<br \/>\n        color: #555;<br \/>\n        line-height: 1.4;<br \/>\n    }<br \/>\n<\/style><\/p>\n<table class=\"schedule-container\" style=\"margin-left: 40px;\">\n<tbody style=\"padding-left: 40px;\">\n<tr style=\"padding-left: 40px;\">\n<td class=\"day-name\" style=\"padding-left: 40px;\">Pirmadienis<\/td>\n<td style=\"padding-left: 40px;\">8.00 \u2013 15.00<\/td>\n<\/tr>\n<tr style=\"padding-left: 40px;\">\n<td class=\"day-name\" style=\"padding-left: 40px;\">Antradienis<\/td>\n<td style=\"padding-left: 40px;\">8.00 \u2013 17.30<\/td>\n<\/tr>\n<tr style=\"padding-left: 40px;\">\n<td class=\"day-name\" style=\"padding-left: 40px;\">Tre\u010diadienis<\/td>\n<td style=\"padding-left: 40px;\">8.00 \u2013 15.00<\/td>\n<\/tr>\n<tr style=\"padding-left: 40px;\">\n<td class=\"day-name\" style=\"padding-left: 40px;\">Ketvirtadienis<\/td>\n<td style=\"padding-left: 40px;\">8.00 \u2013 15.00<\/td>\n<\/tr>\n<tr style=\"padding-left: 40px;\">\n<td class=\"day-name\" style=\"padding-left: 40px;\">Penktadienis<\/td>\n<td style=\"padding-left: 40px;\">8.00 \u2013 15.00<\/td>\n<\/tr>\n<tr style=\"padding-left: 40px;\">\n<td class=\"day-name\" style=\"padding-left: 40px;\">Piet\u016bs<\/td>\n<td style=\"padding-left: 40px;\">12.00 \u2013 12.30<\/td>\n<\/tr>\n<\/tbody>\n<\/table>\n<br>\n<p style=\"padding-left: 40px; font-size: 14px !important;\">Mob. Nr.: +370 678 05074<br \/>el. pa\u0161tas: ingrida.mieliauskaite@kaunorvsb.lt<\/p>\n\n\n\n<p data-wp-context---core-fit-text=\"core\/fit-text::{&quot;fontSize&quot;:&quot;&quot;}\" data-wp-init---core-fit-text=\"core\/fit-text::callbacks.init\" data-wp-interactive data-wp-style--font-size=\"core\/fit-text::context.fontSize\" class=\"has-fit-text\"><\/p>\n<\/div>\n\n\n\n<div class=\"wp-block-column is-layout-flow wp-block-column-is-layout-flow\">\n<p>\u00a0 \u00a0Tikslas \u2013 pad\u0117ti mokiniams saugoti ir stiprinti sveikat\u0105, organizuojant ir \u012fgyvendinant lig\u0173 ir traum\u0173 profilaktikos priemones. Sveikatos stiprinimas vykdomas kuriant sveik\u0105 aplink\u0105 mokykloje, \u0161alinant rizikos veiksnius, galin\u010dius sukelti ligas.<\/p>\n<p>\u00a0 \u00a0 \u00a0 \u00a0<a href=\"https:\/\/birstonogimnazija.lt\/wp-content\/uploads\/2026\/02\/tevams-covid.pdf\" target=\"_blank\" rel=\"noopener\">COVID-19 atmintin\u0117 t\u0117vams<\/a><\/p>\n<p>\u00a0 \u00a0 \u00a0 <a href=\"https:\/\/birstonogimnazija.lt\/wp-content\/uploads\/2026\/02\/covid-rekomendacijos.png\" target=\"_blank\" rel=\"noopener\">Nusta\u010dius COVID-19 elgsenos rekomendacijos<\/a><\/p>\n<p>&nbsp;<\/p>\n<p>&nbsp;<\/p>\n<\/div>\n<\/div>\n\n\n\n<p>   <strong>U\u017edaviniai:<\/strong><br>1. Vykdyti mokini\u0173 sveikatos b\u016bkl\u0117s steb\u0117sen\u0105;<br>2. Ugdyti mokini\u0173 sveikos gyvensenos \u012fg\u016bd\u017eius;<br>3. Vykdyti visuomen\u0117s sveikatos rizikos prevencij\u0105 Bir\u0161tono gimnazijoje.<br><\/p>\n\n\n\n<p>   <strong>Gimnazijos sveikatos prie\u017ei\u016bros specialist\u0117s funkcijos:<\/strong><br>\u2022 Analizuoti ir vertinti mokyklos bendruomen\u0117s sveikatai \u012ftak\u0105 daran\u010dius veiksnius;<br>\u2022 Paai\u0161kinti mokiniams, t\u0117vams bei mokytojams sveikatos i\u0161saugojimo bei stiprinimo b\u016bdus bei i\u0161mokyti juos taikyti prakti\u0161kai;<br>\u2022 Laiku pasteb\u0117ti mokini\u0173 sveikatos problemas, nustatyti j\u0173 svarb\u0105 ir prioritetus, prireikus nukreipti juos \u012f sveikatos prie\u017ei\u016bros \u012fstaigas;<br>\u2022 Pasirinkti tinkamus sveikatos stiprinimo metodus ir juos taikyti;<br>\u2022 Mok\u0117ti vertinti ugdymo aplink\u0105, mokini\u0173 mityb\u0105, ugdymo proces\u0105 pagal teis\u0117s aktus, reglamentuojan\u010dius vaik\u0173 sveikatos prie\u017ei\u016br\u0105, sveikatos saug\u0105 bei stiprinim\u0105;<br>\u2022 Atpa\u017einti gyvybei pavojingas b\u016bkles, suteikti pirm\u0105j\u0105 pagalb\u0105;<br>\u2022 Savaranki\u0161kai ir pasitelkdama mokyklos bendruomen\u0119 bei kit\u0173 institucij\u0173 specialistus, suinteresuotus asmenis rengti sveikatinimo veiklos programas (projektus);<br>\u2022 Bendradarbiauti su mokyklos bendruomene, dirbti komandoje;<br>\u2022 Planuoti ir vertinti savo veikl\u0105, tvarkyti veiklos dokumentus, rengti ataskaitas, bei rekomendacijas;<br>\u2022 Pristatyti savo veikl\u0105 ir rezultatus;<br>\u2022 Naudotis informacin\u0117mis technologijomis;<br>\u2022 Laikytis etikos princip\u0173 ir veiklos etikos taisykli\u0173;<br>\u2022 Vykdyti kitus darbus, paskirtus gimnazijos direktoriaus, pagal kompetencij\u0105.<\/p>\n\n\n\n<p><\/p>\n","protected":false},"excerpt":{"rendered":"<p>Ingrida Mieliauskait\u0117 &#8211; visuomen\u0117s sveikatos prie\u017ei\u016bros specialist\u0117 Darbo grafikas: Pirmadienis 8.00 \u2013 15.00 Antradienis 8.00 \u2013 17.30 Tre\u010diadienis 8.00 \u2013 15.00 Ketvirtadienis 8.00 \u2013 15.00 Penktadienis 8.00 \u2013 15.00 Piet\u016bs 12.00 \u2013 12.30 Mob. Nr.: +370 678 05074el. pa\u0161tas: ingrida.mieliauskaite@kaunorvsb.lt \u00a0 \u00a0Tikslas \u2013 pad\u0117ti mokiniams saugoti ir stiprinti sveikat\u0105, organizuojant ir \u012fgyvendinant lig\u0173 ir traum\u0173 [&hellip;]<\/p>\n","protected":false},"author":1,"featured_media":0,"parent":0,"menu_order":0,"comment_status":"closed","ping_status":"closed","template":"","meta":{"footnotes":""},"class_list":["post-158","page","type-page","status-publish","hentry"],"_links":{"self":[{"href":"https:\/\/birstonogimnazija.lt\/index.php?rest_route=\/wp\/v2\/pages\/158","targetHints":{"allow":["GET"]}}],"collection":[{"href":"https:\/\/birstonogimnazija.lt\/index.php?rest_route=\/wp\/v2\/pages"}],"about":[{"href":"https:\/\/birstonogimnazija.lt\/index.php?rest_route=\/wp\/v2\/types\/page"}],"author":[{"embeddable":true,"href":"https:\/\/birstonogimnazija.lt\/index.php?rest_route=\/wp\/v2\/users\/1"}],"replies":[{"embeddable":true,"href":"https:\/\/birstonogimnazija.lt\/index.php?rest_route=%2Fwp%2Fv2%2Fcomments&post=158"}],"version-history":[{"count":10,"href":"https:\/\/birstonogimnazija.lt\/index.php?rest_route=\/wp\/v2\/pages\/158\/revisions"}],"predecessor-version":[{"id":170,"href":"https:\/\/birstonogimnazija.lt\/index.php?rest_route=\/wp\/v2\/pages\/158\/revisions\/170"}],"wp:attachment":[{"href":"https:\/\/birstonogimnazija.lt\/index.php?rest_route=%2Fwp%2Fv2%2Fmedia&parent=158"}],"curies":[{"name":"wp","href":"https:\/\/api.w.org\/{rel}","templated":true}]}}